 7*h**3 - 26*h**2 - h. Calculate i(1).
-6
Let n(s) = -2*s + 5. Let k(m) = 3*m - 6. Let r(z) = 3*k(z) + 4*n(z). Calculate r(4).
6
Let m(n) = -n + 1. Let x(o) = -o - 12. Let a be x(0). Let g = 10 + a. Let c = 3 - g. Calculate m(c).
-4
Let c be 5/2*(-224)/(-20). Suppose c - 10 = -3*q. Let i(u) = u**3 + 6*u**2 + 2*u - 5. Give i(q).
-17
Let v(r) = 3*r**2 + 40*r + 43. Let b(f) = -f**2 - 20*f - 23. Let s(x) = 5*b(x) + 2*v(x). Determine s(21).
-8
Let p(u) = -3*u - 6. Let d be ((-11)/(-22))/(2/(-16)). Let l be p(d). Let b(c) = c**3 - 7*c**2 + 4*c + 7. Calculate b(l).
-5
Let k(x) = 3*x - 3. Let z = -42 - -49. Let r(i) = i**3 - 6*i**2 - 9*i + 16. Let o be r(z). Determine k(o).
3
Let q(c) = c**3 + 4*c**2 - 4*c - 5. Suppose 11*o - o - 40 = 0. Suppose -5*d + 36 = -o*w, -6*w + 5*d - 40 = -w. What is q(w)?
11
Let b(x) be the second derivative of -x**5/20 + x**4/12 - 2*x**2 + 10*x. Determine b(0).
-4
Let b(r) = -5*r + 2. Let y be (60/(-150))/(2/10). What is b(y)?
12
Let y(z) = -172*z + 11 + 4 + 175*z. Give y(-7).
-6
Let z(h) be the third derivative of 0 - 11*h + 1/120*h**6 - 1/12*h**4 - 1/15*h**5 - h**3 - 2*h**2. Suppose 2*d - f = 15, 3*d + 2*f = d. Calculate z(d).
9
Let b(v) be the third derivative of v**6/120 + v**5/12 - 2*v**3/3 + 11*v**2 + 4. Determine b(-5).
-4
Let r(b) = b**2 - 5*b + 4. Let z = -5 + 25. Let q be (-5)/(z/6) + (-9)/(-2). Calculate r(q).
-2
Let r = -2 + 1. Let t(i) = -10*i - 1. Let v(a) = -21*a - 1. Let f(c) = -5*t(c) + 2*v(c). Let p(y) = 24*y + 8. Let l(d) = -11*f(d) + 4*p(d). Calculate l(r).
-9
Suppose -5*f - 4 = -o - 0*o, -o = -f. Let l(x) = 23*x**2 + 4. Let m(g) = 23*g**2 + 5. Let p(u) = -4*l(u) + 3*m(u). What is p(o)?
-24
Suppose -j + 5 = -0. Suppose 2*o = -3*w - j, 5*w + 0*o + 9 = -3*o. Let z(i) = -i**3 - 5*i**2 - 2*i + 3. Give z(w).
-9
Let s(y) = 1 - 5*y**2 + y**2 - 2*y**2 + 5*y + 0*y + 8*y**2. Suppose 0*c + 4*c = -16. Give s(c).
13
Let n(p) = -p**2 - 15*p + 16. Let y be n(-16). Suppose y = -3*t - 21 + 9. Let c(v) = v**3 + 2*v**2 - 7*v - 6. What is c(t)?
-10
Let f(n) = n**3 - 6*n**2 + 5. Let z = 466 + -460. Determine f(z).
5
Let t(k) be the first derivative of -k**3/3 - 9*k**2/2 - 9*k - 1. Let y(h) = -h - 6. Let w be (-3)/18 - 1/(-6). Let b be y(w). Give t(b).
9
Let a(q) = -2 + 18*q**2 - 5*q**2 + 4*q**2 - 5*q**2 - q**3 - 5*q**2 - 10*q. What is a(4)?
6
Let x(r) = r - 1. Let w(g) be the first derivative of -g**4/4 + 2*g**3/3 - 5*g**2/2 + 5*g + 11. Let q be w(2). Determine x(q).
-6
Let t(x) = -1 - 4 + 52*x - 107*x + 60*x - 3. What is t(4)?
12
Let o = 47 + -52. Let u(d) be the second derivative of d**4/12 + d**3/2 - 2*d**2 - 2*d. Calculate u(o).
6
Let o(w) be the second derivative of w**4/12 - w**3 - 2*w**2 - 50*w. Suppose -2*q + 25 = 3*q. What is o(q)?
-9
Suppose -5*h - 143*q - 20 = -141*q, 5*h + 20 = -4*q. Let a(j) = -5*j + 2. Determine a(h).
22
Let h(l) = -5*l**2 - l - 1. Let y(m) = -2*m - 37. Let k be y(-20). Suppose 8*t - 11*t = k, 0 = -5*d + 5*t - 5. Determine h(d).
-19
Let m(l) = -l**3 - l**2 + 2. Let t(g) = -2*g**3 - 12*g**2 + 3*g. Let d(b) = 3*m(b) - t(b). Calculate d(9).
-21
Let y(p) be the first derivative of p**4/4 - 2*p**3 + p**2/2 - 5*p + 184. Calculate y(6).
1
Let j be -1*4/(7 + -3). Let l(k) = -k + 5. Let m(b) = -b - 1. Let t(w) = -2*l(w) - 10*m(w). Give t(j).
-12
Let t = 12 + -19. Let p(y) = -y**2 + 20 + 0*y**2 - 28 - 8*y + 7. Determine p(t).
6
Let p(l) = -3*l - 16. Let w be p(-6). Let n(d) = d + 2. Calculate n(w).
4
Suppose 0 = 8*p - 5 - 3. Let b(n) = n**3 - n - 6*n**2 - p - 16*n**2 + 18*n**2. Let y be (-1)/(1/(-5 - -1)). What is b(y)?
-5
Let b be (-18)/12*(-14)/(-7). Let y(d) = -3*d - 16. Calculate y(b).
-7
Let o = -62 - -67. Suppose -o*a - 21 - 14 = 0. Let x(d) be the second derivative of -d**5/20 - d**4/2 + 5*d**3/6 - 5*d**2 - d. Give x(a).
4
Let d(o) be the first derivative of -o**4/4 - 4*o**3 + 14*o**2 + 5*o + 13. Let m be d(-14). Let h(z) = z**3 - 5*z**2 + 1. Give h(m).
1
Let v(l) = -l - 8. Let d = 463 + -455. What is v(d)?
-16
Let r(h) = -3 - 2*h + 2*h + 3*h - 2*h. Let j be r(-3). Let u(s) = 3*s + 10. Let i(t) = t + 3. Let b(n) = 8*i(n) - 3*u(n). Give b(j).
0
Let g(d) be the second derivative of -7*d**4/12 - d**3/6 + d**2/2 + d - 717. Let j be (-3 - (-2 + -3)) + -1. Determine g(j).
-7
Suppose 3*p = 4*p - 2. Let t(s) = p*s + 5 + 8 - 10. Give t(-2).
-1
Let r(p) = -p - 2. Let a(n) = 2*n + 5. Let s(d) = 2*a(d) + 5*r(d). Let x(i) = -i. Let f(g) = 2*s(g) - 3*x(g). Calculate f(1).
1
Let f = 14 + -7. Let o(x) = -404 + 408 - 5*x + x**3 + 12*x - f*x**2. Calculate o(6).
10
Suppose 19*n - 12 = 22*n. Let i(b) = -b**3 - 9*b**2 - 5*b - 4. Let y(o) = o**2. Let f(j) = i(j) + 4*y(j). What is f(n)?
0
Let c(f) = -6 - 5*f**2 - 3*f + f**3 - 4 + 3. Suppose 0 = 2*o + 4*o - 192. Suppose -34*v = -o*v - 12. Calculate c(v).
11
Let y = 901 + -895. Let k(v) = v**3 - 5*v**2 - 8*v + 7. What is k(y)?
-5
Let c(n) = -n - 6. Let r be (5 - (-187)/(-33))*-3. Calculate c(r).
-8
Let t(o) = 2*o**2 + 38*o + 21. Let p(v) = -3*v**2 - 59*v - 31. Let a(k) = 5*p(k) + 8*t(k). Calculate a(-7).
-1
Let w(t) = t**3 - 7*t**2 - 8*t - 10. Let f be (0 + 13)/1 + -5. Determine w(f).
-10
Let t(u) be the third derivative of -u**6/120 - 2*u**5/15 + u**4/3 - 4*u**3/3 + 12*u**2. Determine t(-9).
1
Let o(v) = 612*v - v**2 - 1 - 307*v - 304*v. Calculate o(4).
-13
Let b(d) be the second derivative of 4*d**3/3 + 7*d**2/2 + 2*d + 69. Calculate b(-6).
-41
Let w(n) = -3*n + 2. Suppose b = 2*s - 19, -2*s + 2*b = s - 30. Suppose 10*q - 11*q + s = 0. Suppose q = -3*i - 4*d + 22, 4*i - 3*d = -23. Determine w(i).
8
Let k = -52 + 56. Suppose -2*d + k*q = -7*d + 16, 3*q - 12 = -3*d. Let u(x) = x**2 - x + 4. Give u(d).
4
Suppose -48 = 310*y - 306*y. Let k(c) = -4*c - 26. Give k(y).
22
Let q(r) = r**3 + 20*r**2 - r - 11. Suppose 0*h - 2*p - 22 = h, -59 = 3*h - p. Give q(h).
9
Let g(k) be the second derivative of 3*k + 5/6*k**3 - 1/24*k**4 - k**2 + 0. Let z(i) be the first derivative of g(i). Determine z(-4).
9
Let x(f) = -5*f + 27. Let t be x(5). Let d(h) = -h**2 + 3*h - 2. Let b be d(2). Suppose -k = -b + t. Let q(z) = 3*z + 2. What is q(k)?
-4
Suppose -1 - 3 = c + j, -j = 2*c + 10. Let k(r) = -7*r + 3. Let w(v) = v. Let z(q) = c*w(q) - k(q). Give z(-3).
-6
Let o be (-49)/14*12/(-7). Let j(t) = -5*t**2 - t**3 - 4*t + 7 + 12*t**2 - 3*t. What is j(o)?
1
Let g = 1 + -1. Let p(o) = o**3 + g*o**2 + 3*o + 6*o**2 + 0*o**3 - 4. Suppose -2*m + 13*b = 12*b + 8, m + 5*b + 15 = 0. Calculate p(m).
6
Let f(g) = -15*g**2 + 10*g + 5. Let h(j) = -29*j**2 + 19*j + 10. Let r(a) = 9*f(a) - 5*h(a). What is r(-1)?
10
Let b(h) be the second derivative of -h**6/360 + h**5/30 - h**4/6 + 13*h**3/6 - 13*h. Let p(t) be the second derivative of b(t). What is p(5)?
-9
Let d(h) be the second derivative of 4*h**4/3 + h**3/2 - 3*h**2/2 - 49*h. What is d(2)?
67
Suppose -29 = 6*v + 7. Let u be 3/2*v/((-6)/(-2)). Let i(h) = h**3 + 4*h**2 + 4*h + 4. Calculate i(u).
1
Suppose -197*o = -202*o. Let m(n) be the second derivative of n**4/12 + n**3/6 + 13*n**2/2 + 3*n. Give m(o).
13
Let b(h) = -431*h - 23 + 2 + 26*h**2 + 429*h + 9*h**3 - 8*h**3 - 28. Calculate b(-26).
3
Let q(x) = -2*x + 2. Let v(i) = 7*i - 4. Let y(c) = 3*q(c) + v(c). Calculate y(17).
19
Let j = -1311 + 1314. Suppose u + 3*f = 5*u - 27, u + 4*f = -17. Let a(p) = -1 - p**2 + 0*p**2 - u + 2*p. Determine a(j).
-7
Let o(i) = 2*i**3 + 5*i**2 - 5*i. Let j(r) = r**3 - r. Let d(g) = -3*j(g) + o(g). Determine d(3).
12
Let w(z) = z**2 - 14*z + 1. Let h be 11*-6*10/(-110). What is w(h)?
-47
Let w(l) = l**2. Let n(x) = -4*x**2 + 4*x. Let r(h) = n(h) + 3*w(h). Let v be 119/21 + (28/21)/(-2). What is r(v)?
-5
Let c = 20 - 15. Let q(v) = 5 + v**2 - 1 - 2 - 30*v + 24*v. Determine q(c).
-3
Let x(s) = -5*s + 6. Suppose 0 = -5*r + 6*r + 1. Let c(h) = h + 1. Let w(l) = r*x(l) - 3*c(l). Let f be w(6). Let v(g) = 2*g**2 - 2*g + 4. Calculate v(f).
16
Let a(o) = o - 17. Let x(c) = -c + 18. Let s(b) = -5*a(b) - 4*x(b). What is s(-8)?
21
Let l = 2 - 8. Let k be 2/4*l + 7. Let i(t) = -k*t - 6 + t + 5 + 0*t. What is i(3)?
-10
Let z(q) = -q**2 - 11*q - 5. Let g(d) = 2*d**2 + 21*d + 10. Let p(j) = 4*g(j) + 7*z(j). Let k be 8/((-16)/(-10)) - 20. Let o = k + 11. Determine p(o).
-7
Let i(h) = -2*h**2 - 5*h. Let f be i(-4). Let k be (1/(-1))/((-3)/6). Let q be (8/f)/(k/3). Let r(g) = -7*g + 1